{"id":278,"date":"2020-10-27T14:21:44","date_gmt":"2020-10-27T14:21:44","guid":{"rendered":"https:\/\/www.andrina.de\/?page_id=278"},"modified":"2021-01-04T08:23:38","modified_gmt":"2021-01-04T07:23:38","slug":"kontakt","status":"publish","type":"page","link":"https:\/\/www.andrina.de\/index.php\/kontakt\/","title":{"rendered":"Kontakt"},"content":{"rendered":"<h3>Zusammenarbeit mit uns<\/h3>\n<p>Wir freuen uns nat\u00fcrlich \u00fcber neue Sponsoren, die das Projekt Andrina.de weiter voranbringen.<\/p>\n<p>Ihr f\u00fchlt euch angesprochen, weil eure Produkte nachhaltig sind und zu uns passen? Dann meldet euch gerne per E-Mail bei uns. Schickt uns eure kurze Bewerbung mit dem Betreff &#8220;Kooperation&#8221; an <a href=\"mailto:briefe@andrina.de\">briefe@andrina.de<\/a>.<\/p>\n<p>&nbsp;<\/p>\n<h3>Dabei sein<\/h3>\n<p>Ihr seid kreativ, das Thema Nachhaltigkeit liegt euch am Herzen und ihr m\u00f6chtet ein Teil von Andrina.de werden? Oder habt ihr sogar selbst schon das ein oder andere do-it-yourself Projekt in die Hand genommen? Erz\u00e4hlt und zeigt es uns! Wir freuen uns schon jetzt \u00fcber eure Nachrichten an <a href=\"mailto:briefe@andrina.de\">briefe@andrina.de<\/a>. Gerne ver\u00f6ffentlichen wir eure Projekte als Gastbeitr\u00e4ge hier auf Andrina.de.<\/p>\n<p>&nbsp;<\/p>\n<p>Folgt uns auch auf <a href=\"https:\/\/www.instagram.com\/andrina.de\/\" target=\"_blank\" rel=\"noopener noreferrer\">Instagram<\/a>, <a href=\"https:\/\/www.facebook.com\/andrina.blogazine\" target=\"_blank\" rel=\"noopener noreferrer\">Facebook<\/a> und <a href=\"https:\/\/www.pinterest.de\/Andrina_Blogazine\/\" target=\"_blank\" rel=\"noopener noreferrer\">Pinterest<\/a>, um auf dem Laufenden zu bleiben. Um automatisch und regelm\u00e4\u00dfig \u00fcber alle Updates informiert zu sein, meldet euch f\u00fcr die <a href=\"https:\/\/www.andrina.de\/index.php\/briefe\/\">Briefe<\/a> von Andrina an.\u00a0Wenn ihr eins unserer Projekte ausprobiert habt, taggt uns gerne und nutzt unseren Hashtag #pindrina.<\/p>\n","protected":false},"excerpt":{"rendered":"<p>Zusammenarbeit mit uns Wir freuen uns nat\u00fcrlich \u00fcber neue Sponsoren, die das Projekt Andrina.de weiter voranbringen. Ihr f\u00fchlt euch angesprochen, weil eure Produkte nachhaltig sind und zu uns passen? Dann meldet euch gerne per E-Mail bei uns. Schickt uns eure kurze Bewerbung mit dem Betreff &#8220;Kooperation&#8221; an briefe@andrina.de. &nbsp; Dabei sein Ihr seid kreativ, das [&hellip;]<\/p>\n","protected":false},"author":2,"featured_media":0,"parent":0,"menu_order":0,"comment_status":"closed","ping_status":"closed","template":"","meta":{"footnotes":""},"yoast_head":"<!-- This site is optimized with the Yoast SEO plugin v21.4 - https:\/\/yoast.com\/wordpress\/plugins\/seo\/ -->\n<title>Kontakt - Andrina.de<\/title>\n<meta name=\"description\" content=\"Ihr habt Interesse an einer Zusammenarbeit mit uns? Hier erfahrt ihr, wie ihr den Kontakt zum Team von Andrina.de herstellen k\u00f6nnt.\" \/>\n<meta name=\"robots\" content=\"index, follow, max-snippet:-1, max-image-preview:large, max-video-preview:-1\" \/>\n<link rel=\"canonical\" href=\"https:\/\/www.andrina.de\/index.php\/kontakt\/\" \/>\n<meta property=\"og:locale\" content=\"de_DE\" \/>\n<meta property=\"og:type\" content=\"article\" \/>\n<meta property=\"og:title\" content=\"Kontakt - Andrina.de\" \/>\n<meta property=\"og:description\" content=\"Ihr habt Interesse an einer Zusammenarbeit mit uns? Hier erfahrt ihr, wie ihr den Kontakt zum Team von Andrina.de herstellen k\u00f6nnt.\" \/>\n<meta property=\"og:url\" content=\"https:\/\/www.andrina.de\/index.php\/kontakt\/\" \/>\n<meta property=\"og:site_name\" content=\"Andrina.de\" \/>\n<meta property=\"article:modified_time\" content=\"2021-01-04T07:23:38+00:00\" \/>\n<meta name=\"twitter:card\" content=\"summary_large_image\" \/>\n<meta name=\"twitter:label1\" content=\"Est. reading time\" \/>\n\t<meta name=\"twitter:data1\" content=\"1 minute\" \/>\n<script type=\"application\/ld+json\" class=\"yoast-schema-graph\">{\"@context\":\"https:\/\/schema.org\",\"@graph\":[{\"@type\":\"WebPage\",\"@id\":\"https:\/\/www.andrina.de\/index.php\/kontakt\/\",\"url\":\"https:\/\/www.andrina.de\/index.php\/kontakt\/\",\"name\":\"Kontakt - Andrina.de\",\"isPartOf\":{\"@id\":\"https:\/\/www.andrina.de\/#website\"},\"datePublished\":\"2020-10-27T14:21:44+00:00\",\"dateModified\":\"2021-01-04T07:23:38+00:00\",\"description\":\"Ihr habt Interesse an einer Zusammenarbeit mit uns? Hier erfahrt ihr, wie ihr den Kontakt zum Team von Andrina.de herstellen k\u00f6nnt.\",\"breadcrumb\":{\"@id\":\"https:\/\/www.andrina.de\/index.php\/kontakt\/#breadcrumb\"},\"inLanguage\":\"de\",\"potentialAction\":[{\"@type\":\"ReadAction\",\"target\":[\"https:\/\/www.andrina.de\/index.php\/kontakt\/\"]}]},{\"@type\":\"BreadcrumbList\",\"@id\":\"https:\/\/www.andrina.de\/index.php\/kontakt\/#breadcrumb\",\"itemListElement\":[{\"@type\":\"ListItem\",\"position\":1,\"name\":\"Home\",\"item\":\"https:\/\/www.andrina.de\/\"},{\"@type\":\"ListItem\",\"position\":2,\"name\":\"Kontakt\"}]},{\"@type\":\"WebSite\",\"@id\":\"https:\/\/www.andrina.de\/#website\",\"url\":\"https:\/\/www.andrina.de\/\",\"name\":\"Andrina.de\",\"description\":\"Blogazine gesponsert von purux\",\"publisher\":{\"@id\":\"https:\/\/www.andrina.de\/#organization\"},\"potentialAction\":[{\"@type\":\"SearchAction\",\"target\":{\"@type\":\"EntryPoint\",\"urlTemplate\":\"https:\/\/www.andrina.de\/?s={search_term_string}\"},\"query-input\":\"required name=search_term_string\"}],\"inLanguage\":\"de\"},{\"@type\":\"Organization\",\"@id\":\"https:\/\/www.andrina.de\/#organization\",\"name\":\"Andrina.de\",\"url\":\"https:\/\/www.andrina.de\/\",\"logo\":{\"@type\":\"ImageObject\",\"inLanguage\":\"de\",\"@id\":\"https:\/\/www.andrina.de\/#\/schema\/logo\/image\/\",\"url\":\"https:\/\/www.andrina.de\/wp-content\/uploads\/2020\/09\/cropped-Andrina.de_Logo_final-2.png\",\"contentUrl\":\"https:\/\/www.andrina.de\/wp-content\/uploads\/2020\/09\/cropped-Andrina.de_Logo_final-2.png\",\"width\":1042,\"height\":984,\"caption\":\"Andrina.de\"},\"image\":{\"@id\":\"https:\/\/www.andrina.de\/#\/schema\/logo\/image\/\"}}]}<\/script>\n<!-- \/ Yoast SEO plugin. -->","yoast_head_json":{"title":"Kontakt - Andrina.de","description":"Ihr habt Interesse an einer Zusammenarbeit mit uns? Hier erfahrt ihr, wie ihr den Kontakt zum Team von Andrina.de herstellen k\u00f6nnt.","robots":{"index":"index","follow":"follow","max-snippet":"max-snippet:-1","max-image-preview":"max-image-preview:large","max-video-preview":"max-video-preview:-1"},"canonical":"https:\/\/www.andrina.de\/index.php\/kontakt\/","og_locale":"de_DE","og_type":"article","og_title":"Kontakt - Andrina.de","og_description":"Ihr habt Interesse an einer Zusammenarbeit mit uns? Hier erfahrt ihr, wie ihr den Kontakt zum Team von Andrina.de herstellen k\u00f6nnt.","og_url":"https:\/\/www.andrina.de\/index.php\/kontakt\/","og_site_name":"Andrina.de","article_modified_time":"2021-01-04T07:23:38+00:00","twitter_card":"summary_large_image","twitter_misc":{"Est. reading time":"1 minute"},"schema":{"@context":"https:\/\/schema.org","@graph":[{"@type":"WebPage","@id":"https:\/\/www.andrina.de\/index.php\/kontakt\/","url":"https:\/\/www.andrina.de\/index.php\/kontakt\/","name":"Kontakt - Andrina.de","isPartOf":{"@id":"https:\/\/www.andrina.de\/#website"},"datePublished":"2020-10-27T14:21:44+00:00","dateModified":"2021-01-04T07:23:38+00:00","description":"Ihr habt Interesse an einer Zusammenarbeit mit uns? Hier erfahrt ihr, wie ihr den Kontakt zum Team von Andrina.de herstellen k\u00f6nnt.","breadcrumb":{"@id":"https:\/\/www.andrina.de\/index.php\/kontakt\/#breadcrumb"},"inLanguage":"de","potentialAction":[{"@type":"ReadAction","target":["https:\/\/www.andrina.de\/index.php\/kontakt\/"]}]},{"@type":"BreadcrumbList","@id":"https:\/\/www.andrina.de\/index.php\/kontakt\/#breadcrumb","itemListElement":[{"@type":"ListItem","position":1,"name":"Home","item":"https:\/\/www.andrina.de\/"},{"@type":"ListItem","position":2,"name":"Kontakt"}]},{"@type":"WebSite","@id":"https:\/\/www.andrina.de\/#website","url":"https:\/\/www.andrina.de\/","name":"Andrina.de","description":"Blogazine gesponsert von purux","publisher":{"@id":"https:\/\/www.andrina.de\/#organization"},"potentialAction":[{"@type":"SearchAction","target":{"@type":"EntryPoint","urlTemplate":"https:\/\/www.andrina.de\/?s={search_term_string}"},"query-input":"required name=search_term_string"}],"inLanguage":"de"},{"@type":"Organization","@id":"https:\/\/www.andrina.de\/#organization","name":"Andrina.de","url":"https:\/\/www.andrina.de\/","logo":{"@type":"ImageObject","inLanguage":"de","@id":"https:\/\/www.andrina.de\/#\/schema\/logo\/image\/","url":"https:\/\/www.andrina.de\/wp-content\/uploads\/2020\/09\/cropped-Andrina.de_Logo_final-2.png","contentUrl":"https:\/\/www.andrina.de\/wp-content\/uploads\/2020\/09\/cropped-Andrina.de_Logo_final-2.png","width":1042,"height":984,"caption":"Andrina.de"},"image":{"@id":"https:\/\/www.andrina.de\/#\/schema\/logo\/image\/"}}]}},"_edit_lock":"1609744878:2","_edit_last":"2","tc-thumb-fld":{"_thumb_id":false,"_thumb_type":"attachment"},"fpu-thumb-fld":{"_thumb_id":null,"_thumb_type":"attachment"},"_wp_page_template":"default","layout_key":"","post_slider_check_key":"0","_yoast_wpseo_estimated-reading-time-minutes":"","_yoast_wpseo_wordproof_timestamp":"","_yoast_wpseo_content_score":"60","_yoast_wpseo_schema_page_type":"","_yoast_wpseo_meta-robots-noindex":"","_yoast_wpseo_meta-robots-nofollow":"","_yoast_wpseo_focuskw":"Kontakt zu Andrina.de","_yoast_wpseo_metadesc":"Ihr habt Interesse an einer Zusammenarbeit mit uns? Hier erfahrt ihr, wie ihr den Kontakt zum Team von Andrina.de herstellen k\u00f6nnt.","_yoast_wpseo_linkdex":"42","_thumbnail_id":"","_oembed_44df5b218f18914e918596cd5d2ef22d":"","_oembed_111a24df02dae89af0f02428d9b590f7":"","_links":{"self":[{"href":"https:\/\/www.andrina.de\/index.php\/wp-json\/wp\/v2\/pages\/278"}],"collection":[{"href":"https:\/\/www.andrina.de\/index.php\/wp-json\/wp\/v2\/pages"}],"about":[{"href":"https:\/\/www.andrina.de\/index.php\/wp-json\/wp\/v2\/types\/page"}],"author":[{"embeddable":true,"href":"https:\/\/www.andrina.de\/index.php\/wp-json\/wp\/v2\/users\/2"}],"replies":[{"embeddable":true,"href":"https:\/\/www.andrina.de\/index.php\/wp-json\/wp\/v2\/comments?post=278"}],"version-history":[{"count":6,"href":"https:\/\/www.andrina.de\/index.php\/wp-json\/wp\/v2\/pages\/278\/revisions"}],"predecessor-version":[{"id":281,"href":"https:\/\/www.andrina.de\/index.php\/wp-json\/wp\/v2\/pages\/278\/revisions\/281"}],"wp:attachment":[{"href":"https:\/\/www.andrina.de\/index.php\/wp-json\/wp\/v2\/media?parent=278"}],"curies":[{"name":"wp","href":"https:\/\/api.w.org\/{rel}","templated":true}]}}